 -10435. Calculate the remainder when 526 is divided by r.
8
Let r be (-2)/15 - (-6409)/(-195). Let m be r/1*((-8)/6)/4. Suppose m*g = 188 - 45. What is the remainder when 23 is divided by g?
10
Suppose -21 - 21 = -3*x. Let n(o) = o**3 - 16*o**2 + 31*o - 24. Calculate the remainder when 159 is divided by n(x).
15
Suppose 4*f - 4134 = -54*u + 49*u, 3*u + 4118 = 4*f. What is the remainder when f is divided by 14?
9
Let j(a) = 6*a + 52. Suppose 4*b - y + 0*y = -17, 7 = -3*b - 5*y. Calculate the remainder when 221 is divided by j(b).
25
Suppose 5*u - 150 - 130 = 0. Suppose 3*j = 3*r + 45, j + r - 4 = 21. Suppose 20 = b + i, 3*b + j = 5*b - 3*i. What is the remainder when u is divided by b?
8
Let t = 188 - 29. Let n = 1173 - 1118. Calculate the remainder when t is divided by n.
49
Let q(m) = -m + 10. Let w = -173 + 178. Calculate the remainder when 30 is divided by q(w).
0
Suppose -j - 2*p = -9, 5*p + 5 - 20 = 0. Let s be -3*(-2)/(-3) + 84/j. What is the remainder when s*(20/(-8) - -4) is divided by 11?
6
Let o be (22/(-66))/(-2 - 178/(-90)). Suppose 3*h + 19 - 138 = -4*k, -o = 5*h. What is the remainder when 94 is divided by k?
30
Let q = -2821 + 2821. Let j be (-4)/(-2) + 1 + 21. Suppose -c + 73 - j = q. Calculate the remainder when c is divided by 18.
13
Let t = -89 + 138. Let a(c) = c**3 - 17*c**2 - 5*c - 6. Let l be a(17). Let h = l - -117. Calculate the remainder when t is divided by h.
23
Suppose -92*i - 1772 = -96*i. Let p = 474 - i. Calculate the remainder when 215 is divided by p.
29
Suppose 81*r + 262*r = 1852200. Calculate the remainder when r is divided by 193.
189
Suppose -24*x + 6191 = -15*x + 32*x. Calculate the remainder when 397 is divided by x.
95
Suppose 0 = 9*m + 19*m + 54*m - 4592. What is the remainder when 21502 is divided by m?
54
Let f be (0 - -1)/(7 + 984/(-141)). Let n = 82 - f. Calculate the remainder when n is divided by 13.
9
Let w(s) = 3*s + 15. Let c = 14 + -19. Let f be (-3*c/(-10))/((-3)/8). Calculate the remainder when w(f) is divided by 7.
6
Let d(m) = 916*m - 25637. Let y = -54 - -88. Calculate the remainder when y is divided by d(28).
1
Let s(t) be the first derivative of t**4/4 - 8*t**3/3 - 13*t**2/2 + 46*t + 15. Suppose i + 3*i - 268 = 0. What is the remainder when i is divided by s(9)?
7
Let a = -778 + 747. Let s(k) = k**2 + 39*k + 290. What is the remainder when 108 is divided by s(a)?
24
Suppose -237*g = -92*g - 90*g - 3740. Calculate the remainder when 2308 is divided by g.
64
Let m = -58 - -230. Suppose -5*a - d = -158, 2*a - 3*d - 53 = 17. Let p = a - -3. Calculate the remainder when m is divided by p.
32
Let v = -378 + 686. Let g = v + -183. Suppose -63 - g = -4*m. What is the remainder when m is divided by 8?
7
Let x(p) = p**2 - 5*p - 53. Let m = -19 - -11. What is the remainder when 305 is divided by x(m)?
50
Suppose -18 = -p - 18. Suppose p = -3*k - 3*h + 51, -k + 7*h + 12 = 3*h. What is the remainder when (63/(-12))/(1/(-12)) is divided by k?
15
Let o = 1724 - 1610. Calculate the remainder when 569 is divided by o.
113
Let o(b) = -404*b + 1605. Calculate the remainder when o(-6) is divided by 13.
12
Suppose 474*k = 475*k - 83. Suppose -24*w + 48 = -22*w. What is the remainder when k is divided by w?
11
Suppose 0 = x - 89 + 28. Suppose 0 = -5*u + 21*l - 17*l + 79, 0 = -4*u + l + x. Calculate the remainder when u is divided by 11.
4
Let g(t) = -18*t - 220. Suppose -m = 65 - 51. Calculate the remainder when g(m) is divided by (12/(-10))/(1/(-15)).
14
Suppose -3*m + u = -14, u = 6*u - 5. Let j(v) = -v**2 - 10*v - 11. Let z be j(m). Let a = 102 + z. Calculate the remainder when 45 is divided by a.
13
Suppose -9 = -2*o - 1. Suppose 2*b - 90 = -60. Suppose 168 + 207 = b*t. Calculate the remainder when t is divided by o.
1
Suppose -2*f + 512 + 198 = 0. Calculate the remainder when (-12)/(-42) - f*2/(-14) is divided by 4.
3
Let o = -3600 + 3719. Calculate the remainder when 378 is divided by o.
21
Let q = 3 + 6. Calculate the remainder when (1/(-4))/(55/(-15620)) is divided by q.
8
Suppose -d + 5*y + 237 = -49, 0 = -d + 4*y + 284. Calculate the remainder when 475 is divided by d.
199
Let z(d) = -2 - 2 - 4 - 35*d. Suppose 0 + 15 = 10*g + 45. Calculate the remainder when z(g) is divided by 14.
13
Calculate the remainder when 213 is divided by ((-2)/(-2))/(((-3)/9)/((-335)/15)).
12
Let n be (-20 + -51)/(2/4). Let p = n + 161. Calculate the remainder when 188 is divided by p.
17
Suppose -2144 = -43*p + 8305. What is the remainder when p is divided by 119?
5
Let a = 7310 - 7268. Suppose 0 = 2*o + 5*q - 314, 2*o - 5*o = q - 497. What is the remainder when o is divided by a?
41
Let l = 2504 - 2333. Calculate the remainder when l is divided by 30.
21
Let o(l) = 22*l + 38. Let f(s) = -22*s - 34. Let u(j) = -6*f(j) - 5*o(j). Calculate the remainder when u(10) is divided by 15.
9
Suppose 0 = -7*r - 20 - 1. Let d be ((-2)/(-2))/(r - (1 + -3)). Calculate the remainder when 128 is divided by (-2 - -2)/2 - (d + -25).
24
Let h be (-9)/((-9)/8) - -24. Suppose 3*t = -5*d + 54, -42 = -4*d + 29*t - h*t. Calculate the remainder when 102 is divided by d.
6
Let k(l) = -l**3 - 14*l**2 + 26*l - 12. Let z be k(-18). Suppose -7*x + 23*x = z. What is the remainder when x is divided by 1*(0 + -26)/(-2)?
12
Suppose -2*r = -l + 21, -5*l = -3*r + 5*r - 93. Let b be 2/(((-1)/40)/(20/(-16))). Suppose -3*s + 13*s = b. What is the remainder when l is divided by s?
9
Let x = 6415 - 6395. Let h be 1*65 + (-1)/1. Suppose -x = 4*v, q + 2*q + 4*v - h = 0. What is the remainder when 109 is divided by q?
25
What is the remainder when 743 is divided by (-72)/90*-192 + (-8)/5?
135
Suppose -697*r = -753*r - 3148 + 9140. Calculate the remainder when 350 is divided by r.
29
Suppose 0*z + 29 = d - 4*z, 0 = -2*d - 5*z - 7. Suppose 2*y - 1104 = 8*y. Let f = -151 - y. Calculate the remainder when f is divided by d.
6
Let k(t) = -t**3 + 5*t**2 + 15*t + 6. Let z be k(7). Suppose 10*j + z*j = 1932. What is the remainder when 839 is divided by j?
83
Let q = 21141 + -18566. What is the remainder when q is divided by 1283?
9
Let d be (2/(-6))/(3244/(-1620) - -2). Let v = -54 + d. Calculate the remainder when v is divided by 12.
9
Let z = -35754 + 35776. Calculate the remainder when 100 is divided by z.
12
Suppose 3*u - y = 38, -26*u + 22*u + 60 = y. Let w(g) = -5*g**3 + g**2 - 3*g - 2. What is the remainder when w(-3) is divided by u?
11
Let s(t) = -3*t**3 - 2*t**2 - 2*t - 14. Let k be (-9)/9*(1 + 2). What is the remainder when s(k) is divided by 28?
27
Let u(z) = -z**3 - 17*z**2 + 74*z + 297. What is the remainder when 118 is divided by u(-20)?
16
Let x = 432 + -156. Suppose -3*c = -5*b + 91, -2*b - 13*c = -8*c - 55. What is the remainder when x is divided by b?
16
Suppose k + 4*k - 505 = 0. What is the remainder when k is divided by -5 - ((-148)/8 - 54/(-36))?
5
Let h be 8/(-16)*(-1026)/(-3). Let q = h - -318. Calculate the remainder when q is divided by 6.
3
Suppose -2*k = 6 - 10. Suppose -59 = -k*s + 185. Calculate the remainder when s/3 - (-3)/9 is divided by 12.
5
Suppose -5*j - 3*j = -8496. Suppose -12*b - j = -21*b. What is the remainder when b is divided by 38?
4
Let f = -49 - -52. Suppose -2 - 7 = -f*u. Suppose u*q - 4*t - 225 - 109 = 0, 2*q - 204 = -2*t. What is the remainder when q is divided by 12?
10
Suppose -72*u + 338754 = 57*u. Calculate the remainder when u is divided by 47.
41
Let a = 1336 - 1059. Calculate the remainder when a is divided by 38.
11
Let z = 6 - -28. Let g be 21/6*z/(-1). Let h = 180 + g. What is the remainder when h is divided by 31?
30
Suppose 3*m - 15*m + 35*m - 2254 = 0. What is the remainder when m is divided by 94?
4
Let h(q) = -q**3 + 47*q**2 + 107*q - 433. Calculate the remainder when 252 is divided by h(49).
4
Suppose 21*h = 3*h + 90. Suppose -3*c + 193 = h*k - 122, c = 0. What is the remainder when 128 is divided by k?
2
Suppose 25*t - 69 = -4*m + 30*t, -4*t = -m + 9. Calculate the remainder when 602 is divided by m.
14
Let i(y) = y + 6. Calculate the remainder when 10/(-280) - (-41566)/392 is divided by i(6).
10
Suppose -2*w + 3*t = 602, -124 + 420 = -w + 4*t. Let c = w + 478. Suppose -5*m = o - 84, 2*o + 6*m - c = 2*m. What is the remainder when o is divided by 23?
20
Let o be ((-39)/6)/((-4)/(-72)) - 1. Let z = 